{"id":12,"date":"2017-05-22T12:31:59","date_gmt":"2017-05-22T10:31:59","guid":{"rendered":"http:\/\/www.hexenprozesse-leipzig.de\/?page_id=12"},"modified":"2025-04-24T17:34:52","modified_gmt":"2025-04-24T15:34:52","slug":"ueber-uns","status":"publish","type":"page","link":"https:\/\/www.hexenprozesse-leipzig.de\/?page_id=12","title":{"rendered":"\u00dcber uns"},"content":{"rendered":"\n<p><em>Aufarbeitung der Hexenverfolgung in Leipzig\/Sachsen \u2013 ein Arbeitskreis, ein Ausstellungsprojekt in progress&#8230;<\/em><\/p>\n\n\n\n<p>Eine \u00f6ffentliche Diskussion \u00fcber das Benennen von nachweisbar begangenem Unrecht tr\u00e4gt auch die M\u00f6glichkeit in sich, gesellschaftliche Zusammenh\u00e4nge damals wie heute klarer zu erkennen&#8230; und auch Formen der Rehabilitation von unschuldig ermordeten Frauen und M\u00e4nnern zu finden, selbst wenn dies viele hundert Jahre sp\u00e4ter stattfindet.<\/p>\n\n\n\n<p>Im Januar 2016 gr\u00fcndete sich im Soziokulturellen Zentrum Frauenkultur der \u201eArbeitskreis zur Aufarbeitung der Hexenverfolgung in Leipzig\/Sachsen\u201c, der auch die hier ver\u00f6ffentlichten Ausstellungstexte erarbeitete. Die Texte entstanden einzeln oder gemeinsam, wurden diskutiert \u2013 und werden gemeinsam vertreten.<\/p>\n\n\n\n<p><span style=\"text-decoration: underline;\">Mitwirkende und Autor*innen der Texte sind:<\/span><\/p>\n\n\n\n<p>Apitzsch, Madeleine<br \/>Jg. 1991, Historikerin, Germanistin<\/p>\n<p>B\u00f6ttger, Anja<br \/>Jg. 1978, Bildende K\u00fcnstlerin, Performerin, Wildpflanzenp\u00e4dagogin<\/p>\n<p>Burian, Peggy<br \/>Jg. 1969, Soziologin, M\u00e4rchenerz\u00e4hlerin, Volksheilkundlerin<\/p>\n<p>Dietering, Christiane<br \/>\u00a0Autorin<\/p>\n<p>Kleim, Ines<\/p>\n<p>Klein, Stephan<br \/>Jg. 1950, Diplomlehrer, Altersrentner (im Unruhestand)<\/p>\n<p>Prof. Dr. Kosack, Godula<br \/>Ethnologin, Feldforschung (mit Schwerpunkt Rolle der Frauen und Weltbild), seit 1985 bei den Mafa in Nordkamerun.)<\/p>\n<p>Hofmann, Johanna<br \/>Jg. 1969, Arbeits- und Organisationspsychologin<\/p>\n<p>Leubner, Kerstin<br \/>Jg. 1964, Sozialp\u00e4dagogin, Coach, Kr\u00e4uterfrau<\/p>\n<p>Mothes, Angelika<br \/>Jg. 1946, Rentnerin<\/p>\n<p>Rietzke, Christine<br \/>Jg. 1967, Kulturmanagement\/Gesch\u00e4ftsf\u00fchrerin<\/p>\n<p>\u00a0<\/p>\n\n\n\n<p>Der Arbeitskreis trifft sich jeden ersten Donnerstag im Monat in den R\u00e4umen der Frauenkultur. Interessierte Menschen sind willkommen.<\/p>\n\n\n","protected":false},"excerpt":{"rendered":"<p>Aufarbeitung der Hexenverfolgung in Leipzig\/Sachsen \u2013 ein Arbeitskreis, ein Ausstellungsprojekt in progress&#8230; Eine \u00f6ffentliche Diskussion \u00fcber das Benennen von nachweisbar<\/p>\n","protected":false},"author":1,"featured_media":0,"parent":0,"menu_order":0,"comment_status":"closed","ping_status":"closed","template":"","meta":{"spay_email":"","footnotes":""},"class_list":["post-12","page","type-page","status-publish","hentry"],"wps_subtitle":"","jetpack_shortlink":"https:\/\/wp.me\/P8M4Ig-c","jetpack_likes_enabled":true,"_links":{"self":[{"href":"https:\/\/www.hexenprozesse-leipzig.de\/index.php?rest_route=\/wp\/v2\/pages\/12","targetHints":{"allow":["GET"]}}],"collection":[{"href":"https:\/\/www.hexenprozesse-leipzig.de\/index.php?rest_route=\/wp\/v2\/pages"}],"about":[{"href":"https:\/\/www.hexenprozesse-leipzig.de\/index.php?rest_route=\/wp\/v2\/types\/page"}],"author":[{"embeddable":true,"href":"https:\/\/www.hexenprozesse-leipzig.de\/index.php?rest_route=\/wp\/v2\/users\/1"}],"replies":[{"embeddable":true,"href":"https:\/\/www.hexenprozesse-leipzig.de\/index.php?rest_route=%2Fwp%2Fv2%2Fcomments&post=12"}],"version-history":[{"count":17,"href":"https:\/\/www.hexenprozesse-leipzig.de\/index.php?rest_route=\/wp\/v2\/pages\/12\/revisions"}],"predecessor-version":[{"id":911,"href":"https:\/\/www.hexenprozesse-leipzig.de\/index.php?rest_route=\/wp\/v2\/pages\/12\/revisions\/911"}],"wp:attachment":[{"href":"https:\/\/www.hexenprozesse-leipzig.de\/index.php?rest_route=%2Fwp%2Fv2%2Fmedia&parent=12"}],"curies":[{"name":"wp","href":"https:\/\/api.w.org\/{rel}","templated":true}]}}