{"id":364,"date":"2018-05-23T14:07:08","date_gmt":"2018-05-23T12:07:08","guid":{"rendered":"http:\/\/www.hexenprozesse-leipzig.de\/?page_id=364"},"modified":"2018-05-30T14:04:23","modified_gmt":"2018-05-30T12:04:23","slug":"datenschutz","status":"publish","type":"page","link":"https:\/\/www.hexenprozesse-leipzig.de\/?page_id=364","title":{"rendered":"Datenschutz"},"content":{"rendered":"<p><strong>Datenschutz-Erkl\u00e4rung<\/strong><br \/>\nVerantwortlich f\u00fcr diese Webseite: Frauenkultur e.V. Leipzig<br \/>\nIm Folgenden &#8222;Frauenkultur Leipzig&#8220; genannt<\/p>\n<p>Anschrift: Windscheidstra\u00dfe 51 | 04277 Leipzig<br \/>\nTelefon: 0341 &#8211; 21 300 30<br \/>\nTelefax: 0341 &#8211; 21 300 31<br \/>\nE-Mail: hallo[at]frauenkultur-leipzig.de<\/p>\n<p><strong>Geltungsbereich der Datenschutzerkl\u00e4rung<\/strong><br \/>\nDiese Datenschutzerkl\u00e4rung soll die Nutzer*innen dieser Website gem\u00e4\u00df Bundesdatenschutzgesetz und Telemediengesetz \u00fcber die Art, den Umfang und den Zweck der Erhebung und Verwendung personenbezogener Daten durch die Website der Frauenkultur Leipzig informieren.<\/p>\n<p>Die Frauenkultur Leipzig nimmt Ihren Datenschutz sehr ernst und behandelt Ihre personenbezogenen Daten vertraulich und entsprechend der gesetzlichen Vorschriften.<\/p>\n<p>Bedenken Sie, dass die Daten\u00fcbertragung im Internet grunds\u00e4tzlich mit Sicherheitsl\u00fccken bedacht sein kann. Ein vollumf\u00e4nglicher Schutz vor dem Zugriff durch Fremde ist nicht realisierbar.<\/p>\n<p><strong>Zugriffsdaten<\/strong><br \/>\nDie Frauenkultur Leipzig bzw. der Internet-Hosting-Provider dieser Website, der auf Auftrag durch die Frauenkultur Leipzig die Internet-Hosting-Dienste f\u00fcr diese Webseite betreibt &#8211; erhebt Daten \u00fcber Zugriffe auf dieser Webseite. Der Website-Provider speichert diese als &#8222;Server-Logfiles&#8220; ab. Folgende Daten werden so protokolliert:<\/p>\n<p>&#8211; Besuchte Website<br \/>\n&#8211; Uhrzeit zum Zeitpunkt des Zugriffes<br \/>\n&#8211; Menge der gesendeten Daten in Byte<br \/>\n&#8211; Quelle\/Verweis, von welchem Sie auf die Seite gelangten<br \/>\n&#8211; Verwendeter Browser<br \/>\n&#8211; Verwendetes Betriebssystem<br \/>\n&#8211; Verwendete IP-Adresse<\/p>\n<p>Die erhobenen Daten dienen lediglich statistischen Auswertungen und zur Verbesserung der Website. Die Frauenkultur Leipzig beh\u00e4lt sich allerdings vor, die Server-Logfiles nachtr\u00e4glich zu \u00fcberpr\u00fcfen, sollten konkrete Anhaltspunkte auf eine rechtswidrige Nutzung hinweisen. Es gelten der Datenschutz der Frauenkultur Leipzig bzw. des Website-Providers.<\/p>\n<p><b>Umgang mit personenbezogenen Daten<\/b><br \/>\nDie Frauenkultur Leipzig erhebt, nutzt und gibt Ihre personenbezogenen Daten nur dann weiter, wenn dies im gesetzlichen Rahmen erlaubt bzw. notwendig ist oder Sie in die Datenerhebung einwilligen. Ihre Daten werden nur f\u00fcr Zeitr\u00e4ume gespeichert, die f\u00fcr die Zweckerf\u00fcllung bzw. f\u00fcr die Einhaltung gesetzlich-rechtlicher Fristen der Aufbewahrungs- und Nachweispflicht notwendig sind.<\/p>\n<p>Als personenbezogene Daten gelten s\u00e4mtliche Informationen, welche dazu dienen, Ihre Person zu bestimmen und welche zu Ihnen zur\u00fcckverfolgt werden k\u00f6nnen &#8211; also beispielsweise Ihr Name, Ihre E-Mail-Adresse und Telefonnummer.<\/p>\n<p><strong>Umgang mit Kontaktdaten<\/strong><br \/>\nNehmen Sie mit der Frauenkultur Leipzig durch die angebotenen Kontaktm\u00f6glichkeiten Verbindung auf, werden Ihre Angaben gespeichert, damit auf diese zur Bearbeitung und Beantwortung Ihrer Anfrage zur\u00fcckgegriffen werden kann. Ohne Ihre Einwilligung werden diese Daten nicht an Dritte weitergegeben. Wenn Sie uns per Kontaktformular Anfragen zukommen lassen, werden Ihre Angaben aus dem Anfrageformular inklusive der von Ihnen dort angegebenen Kontaktdaten zwecks Bearbeitung der Anfrage und f\u00fcr den Fall von Anschlussfragen bei uns gespeichert. Diese Daten geben wir nicht ohne Ihre Einwilligung weiter. Durch die Nutzung des Kontaktformulars werden auch Daten durch den Website-Provider verarbeitet. Ein Auftragsverarbeitungsvertrag wurde mit dem Website-Provider zum Schutz ihrer Daten abgeschlossen.<\/p>\n<p><strong>Newsletter<\/strong><br \/>\nDie Frauenkultur Leipzig bietet Ihnen \u00fcber das Kontakt-Formular die M\u00f6glichkeit eines Newsletters an, in welchem er Sie \u00fcber aktuelle Geschehnisse, Angebote und gemeinn\u00fctzige Aktionen informiert. M\u00f6chten Sie den Newsletter abonnieren, m\u00fcssen Sie eine valide E-Mail-Adresse angeben. Diese Daten verwenden wir ausschlie\u00dflich f\u00fcr den Versand der angeforderten Informationen und geben sie nicht an Dritte weiter. Die erteilte Einwilligung zur Speicherung der Daten, der E-Mail-Adresse sowie deren Nutzung zum Versand des Newsletters k\u00f6nnen Sie jederzeit per Mail bzw. \u00fcber das Kontaktformular widerrufen.<\/p>\n<p><strong>Coo\u00adkies<\/strong><br \/>\nAuf Sei\u00adten der Frau\u00aden\u00adkul\u00adtur Leip\u00adzig wer\u00adden Coo\u00adkies ver\u00adwen\u00addet. Dabei han\u00addelt es sich um klei\u00adne Text\u00adda\u00adtei\u00aden, wel\u00adche auf Ihrem End\u00adge\u00adr\u00e4t ge\u00adspei\u00adchert wer\u00adden. Ihr Brow\u00adser greift auf diese Da\u00adtei\u00aden zu. Durch den Ein\u00adsatz von Coo\u00adkies er\u00adh\u00f6ht sich die Be\u00adnut\u00adzer*in\u00adnen\u00adfreund\u00adlich\u00adkeit und Si\u00adcher\u00adheit die\u00adser Web\u00adsi\u00adte. G\u00e4n\u00adgi\u00adge Brow\u00adser bie\u00adten die Ein\u00adstel\u00adlungs\u00adop\u00adti\u00adon, Coo\u00adkies nicht zu\u00adzu\u00adlas\u00adsen. Hin\u00adweis: Es ist nicht ge\u00adw\u00e4hr\u00adleis\u00adtet, dass Sie auf alle Funk\u00adtio\u00adnen die\u00adser Web\u00adsi\u00adte ohne Ein\u00adschr\u00e4n\u00adkun\u00adgen zu\u00adgrei\u00adfen k\u00f6n\u00adnen, wenn Sie ent\u00adspre\u00adchen\u00adde Ein\u00adstel\u00adlun\u00adgen vor\u00adneh\u00admen.<\/p>\n<p><strong>Externe Links<\/strong><br \/>\nDie Frauenkultur Leipzig hat auf ihrer Webseite Links, die auf externe Seiten verweisen, die besonders gekennzeichnet sind und deren Inhalte sich nicht auf unserem Server befinden. Die externen Inhalte dieser Links wurden beim Setzen der Links gepr\u00fcft. Es kann jedoch nicht ausgeschlossen werden, dass die Inhalte von den jeweiligen Anbietern nachtr\u00e4glich ver\u00e4ndert wurden. Sollten Sie bemerken, dass die Inhalte der externen Anbieter gegen geltendes Recht versto\u00dfen, teilen Sie uns dies bitte mit. Diese Datenschutzerkl\u00e4rung gilt nur f\u00fcr Inhalte auf dem Server-Speicher dieser Webseite.<\/p>\n<p><strong>Rechte der Nutzer*innen: Auskunft, Widerrufsrecht, Berichtigung und L\u00f6schung<\/strong><br \/>\nSie haben jederzeit das Recht auf unentgeltliche Auskunft \u00fcber Ihre gespeicherten personenbezogenen Daten, deren Herkunft und Empf\u00e4nger*in und den Zweck der Datenverarbeitung sowie ein Recht auf Widerruf, Berichtigung, Sperrung oder L\u00f6schung dieser Daten. Hierzu sowie zu weiteren Fragen zum Thema personenbezogene Daten k\u00f6nnen Sie sich jederzeit unter der oben angegebenen Adresse bzw. im Impressum an uns wenden.<\/p>\n<p><strong>Zust\u00e4ndige Aufsichtsbeh\u00f6rde<\/strong><br \/>\nBei datenschutzrechtlichen Verst\u00f6\u00dfen stehen den Betroffenen ein Beschwerderecht bei der zust\u00e4ndigen Aufsichtsbeh\u00f6rde zu &#8211; bei den Landesdatenschutzbeauftragten des jeweiligen Bundeslandes. Im Bundesland Sachsen unter https:\/\/www.saechsdsb.de\/<\/p>\n<p>Stand: 25.05.2018 | Frauenkultur e.V. Leipzig<\/p>\n","protected":false},"excerpt":{"rendered":"<p>Datenschutz-Erkl\u00e4rung Verantwortlich f\u00fcr diese Webseite: Frauenkultur e.V. Leipzig Im Folgenden &#8222;Frauenkultur Leipzig&#8220; genannt Anschrift: Windscheidstra\u00dfe 51 | 04277 Leipzig Telefon:<\/p>\n","protected":false},"author":1,"featured_media":0,"parent":0,"menu_order":0,"comment_status":"closed","ping_status":"closed","template":"","meta":{"spay_email":"","footnotes":""},"class_list":["post-364","page","type-page","status-publish","hentry"],"wps_subtitle":"","jetpack_shortlink":"https:\/\/wp.me\/P8M4Ig-5S","jetpack_likes_enabled":true,"_links":{"self":[{"href":"https:\/\/www.hexenprozesse-leipzig.de\/index.php?rest_route=\/wp\/v2\/pages\/364","targetHints":{"allow":["GET"]}}],"collection":[{"href":"https:\/\/www.hexenprozesse-leipzig.de\/index.php?rest_route=\/wp\/v2\/pages"}],"about":[{"href":"https:\/\/www.hexenprozesse-leipzig.de\/index.php?rest_route=\/wp\/v2\/types\/page"}],"author":[{"embeddable":true,"href":"https:\/\/www.hexenprozesse-leipzig.de\/index.php?rest_route=\/wp\/v2\/users\/1"}],"replies":[{"embeddable":true,"href":"https:\/\/www.hexenprozesse-leipzig.de\/index.php?rest_route=%2Fwp%2Fv2%2Fcomments&post=364"}],"version-history":[{"count":9,"href":"https:\/\/www.hexenprozesse-leipzig.de\/index.php?rest_route=\/wp\/v2\/pages\/364\/revisions"}],"predecessor-version":[{"id":382,"href":"https:\/\/www.hexenprozesse-leipzig.de\/index.php?rest_route=\/wp\/v2\/pages\/364\/revisions\/382"}],"wp:attachment":[{"href":"https:\/\/www.hexenprozesse-leipzig.de\/index.php?rest_route=%2Fwp%2Fv2%2Fmedia&parent=364"}],"curies":[{"name":"wp","href":"https:\/\/api.w.org\/{rel}","templated":true}]}}