{"id":885,"date":"2023-10-24T12:30:24","date_gmt":"2023-10-24T10:30:24","guid":{"rendered":"http:\/\/www.hexenprozesse-leipzig.de\/?page_id=885"},"modified":"2023-10-24T12:32:23","modified_gmt":"2023-10-24T10:32:23","slug":"reproduktive-rechte-betrachtet-vom-mittelalter-der-fruehen-neuzeit-bis-in-die-gegenwart","status":"publish","type":"page","link":"https:\/\/www.hexenprozesse-leipzig.de\/?page_id=885","title":{"rendered":"Fachtag Reproduktive Rechte"},"content":{"rendered":"\n<p><strong>Sa. 04.11.2023 | 10:00 bis 17:30 Uhr<\/strong><br \/><em>Fachtag des AK Hexenverfolgung Leipzig und der Frauenkultur Leipzig<br \/><\/em><strong>Reproduktive Rechte \u2013 betrachtet vom Mittelalter | der Fr\u00fchen Neuzeit bis in die Gegenwart<\/strong><em><br \/><\/em><\/p>\n<p>Sexuelle und reproduktive Gesundheit sind ein Menschenrecht und als solches in den 17 Zielen f\u00fcr nachhaltige Entwicklung der Agenda 2030 der Vereinten Nationen festgeschrieben. Das Ziel 3 \u201eGesundes Leben f\u00fcr alle\u201c und das Ziel 5 \u201eGeschlechtergleichstellung erreichen und alle Frauen und M\u00e4dchen zur Selbstbestimmung bef\u00e4higen\u201c benennen hier sehr konkret die Bed\u00fcrfnisse von Frauen* und Kindern. Das Bundesministerium f\u00fcr wirtschaftliche Zusammenarbeit und Entwicklung startete 2022 die Initiative \u201eSelbstbestimmte Familienplanung und M\u00fcttergesundheit\u201c. Doch auch in Deutschland ist dieses Recht auf Selbstbestimmung in den reproduktiven Rechten noch nicht gegeben. Dieser Fachtag betrachtet Ursachen und Entwicklungen und m\u00f6chte die \u00f6ffentliche Diskussion zu diesen Rechten mit Argumenten unterst\u00fctzen und gemeinsam Perspektiven formulieren<br \/>Das Veranstaltungsprogramm des Fachtages zum DOWNLOAD:<\/p>\n<div class=\"wp-block-file\"><a href=\"http:\/\/www.hexenprozesse-leipzig.de\/wp-content\/uploads\/2023\/09\/Fachtag-HX2023fin_mail.pdf\">Programm Fachtag<\/a><a class=\"wp-block-file__button\" href=\"http:\/\/www.hexenprozesse-leipzig.de\/wp-content\/uploads\/2023\/09\/Fachtag-HX2023fin_mail.pdf\" download=\"\">Herunterladen<\/a><\/div>\n<p>FACHTAG\u00a0<br \/><b>Reproduktive Rechte \u2013 betrachtet vom Mittelalter\/Fr\u00fche Neuzeit bis in die Gegenwart<\/b><br \/>Ort: Soziokulturelles Zentrum Frauenkultur Leipzig, Windscheidstr. 51, 04277 Leipzig<br \/>veranstaltet vom AK Aufarbeitung Hexenverfolgung &amp; der Frauenkultur Leipzig<br \/><br \/>10.00 Uhr BEGR\u00dcSSUNG &amp; EINF\u00dcHRUNG<br \/><b>\u00dcber die Urspr\u00fcnge des \u00a7218 und den Beginn der Einschr\u00e4nkung reproduktiver Rechte von Frauen<\/b><br \/>CHRISTINE RIETZKE, Vorstand Frauenkultur Leipzig, Mitgr\u00fcnderin des AK Aufarbeitung Hexenverfolgung<br \/><br \/>10.30 Uhr VORTRAG<br \/><b>Abtreibungsprozesse vor dem Leipziger Stadtgericht in der Fr\u00fchen Neuzeit<\/b><br \/>MADELEINE APITZSCH, Historikerin &amp; Germanistin; lebt und forscht in Leipzig u. a. zu Hexenverfolgungen in Kursachsen sowie zur Kriminalit\u00e4tsgeschichte der Stadt Leipzig in der Fr\u00fchen Neuzeit.<br \/><br \/>11.50 Uhr VORTRAG<br \/><b>Zu Geburt und Geburtshilfe aus Sicht der Geb\u00e4renden und aus Sicht der Hebem\u00fctter<\/b><br \/>Prof. Dr. EVA LABOUVIE, Historikerin<br \/>Die Historikerin Eva Labouvie besch\u00e4ftigt sich seit den 1980er Jahren mit Geschlechterforschung \u2013 u.a. mit Geburt, Geburtshilfe, Mutterschaft und mit Reproduktion von der Fr\u00fchen Neuzeit bis ins Heute (16. bis 21. Jahrhundert). In diesem Vortrag betrachtet sie die Geb\u00e4rkulturen des 16. bis 19. Jahrhunderts \u2013 und auch die Entwicklung des Standes der Hebammen von relativ autark handelnden, von Frauenkollektiven gew\u00e4hlten Personen bis hin zu ihrer Kontrolle, Reglementierung und Professionalisierung durch Mediziner und Beh\u00f6rden ab dem 19. Jahrhundert.<br \/><br \/>13.30 Uhr VORTRAG<br \/><b>Zwischen F\u00fcrsorge und Disziplinierung. Zur Lebenssituation unehelich Schwangerer im Leipziger Lazarett<\/b><br \/>Prof. Dr. phil. ELKE SCHLENKRICH, Historikerin<br \/>Im Zentrum des Vortrages stehen in existenzielle Not geratene und von Obdachlosigkeit bedrohte unehelich Schwangere, die vor ihrer Niederkunft im Lazarett Zuflucht suchten. Dort wurde ihnen einerseits (medizinische) Versorgung zuteil, andererseits sollten sie sich hier als \u201eObjekte\u201c f\u00fcr medizinische Untersuchungen zur Verf\u00fcgung stellen.<br \/><br \/>14.30 Uhr THEMATISCHER INPUT<br \/><b>Mit Pflanzen verh\u00fcten. \u00dcber die Wiederentdeckung von M\u00f6glichkeiten selbstbestimmter Geburtenregelung<\/b><br \/>PEGGY BURIAN, Soziologin<\/p>\n<p>15:00 Uhr FILM<br \/><strong>Getty Abortions\u201c Kurzfilm und Gespr\u00e4ch<br \/><\/strong><em>2023 auf dem DIK Leipzig ausgezeichnet mit der Goldenen Taube<\/em><br \/>Wie sehen Abtreibungen aus? Was fu\u0308r Bilder pra\u0308gen unsere Sicht darauf? Und woher kommen sie? Der Desktop-Video-Essay \u201egetty abortions\u201c untersucht, wie deutschsprachige Medien das Thema Abtreibung illustrieren und klickt sich dabei durch Stockfoto-Datenbanken, BRAVO-Girl-Zeitschriften und private Dokumente einer echten Abtreibungserfahrung. Er springt von den fru\u0308hen 2000ern ins spa\u0308te 19. Jahrhundert, befragt feministische Wissensscha\u0308tze und chattet mit fiktiven Figuren \u2013 eine Frage bleibt jedoch offen: Warum schaut eigentlich niemand in die Kamera?<br \/><em>Franzis Kabisch ist ku\u0308nstlerische Forscherin, Filmemacherin und Autorin in Berlin und Wien. Seit mehreren Jahren forscht sie wissenschaftlich und ku\u0308nstlerisch zu Abtreibungen in Filmen und Serien.<\/em><\/p>\n<p>15.30 Uhr THEMATISCHER INPUT &amp; DISKUSSION<br \/><b>Medizin mit Heilpraktiken der Ahn:innen dekolonialisieren<\/b><br \/>CRISTIANA PARISI, Lehrerin zu dekolonialer Praxis<br \/>Cristiana Parisi wird ihren Vortrag in portugiesisch halten \u2013 mit deutscher \u00dcbersetzung.<br \/><br \/>16.30 Uhr THEMATISCHER INPUT<br \/><b>Schwangerschaftsabbruch \u2013 unser Recht, unsere Entscheidung! Hier und weltweit!<\/b><br \/>pro choice [leipzig] B\u00fcndnis f\u00fcr sexuelle Selbstbestimmung<br \/><br \/>Anmeldung ist bitte bis 02.11.2023 erforderlich. || Teilnahmegeb\u00fchr: nach Selbsteinsch\u00e4tzung (von 5 bis 25 Euro plus)<\/p>\n","protected":false},"excerpt":{"rendered":"<p>Sa. 04.11.2023 | 10:00 bis 17:30 UhrFachtag des AK Hexenverfolgung Leipzig und der Frauenkultur LeipzigReproduktive Rechte \u2013 betrachtet vom Mittelalter<\/p>\n","protected":false},"author":1,"featured_media":0,"parent":0,"menu_order":0,"comment_status":"closed","ping_status":"closed","template":"","meta":{"spay_email":"","footnotes":""},"class_list":["post-885","page","type-page","status-publish","hentry"],"wps_subtitle":"","jetpack_shortlink":"https:\/\/wp.me\/P8M4Ig-eh","jetpack_likes_enabled":true,"_links":{"self":[{"href":"https:\/\/www.hexenprozesse-leipzig.de\/index.php?rest_route=\/wp\/v2\/pages\/885","targetHints":{"allow":["GET"]}}],"collection":[{"href":"https:\/\/www.hexenprozesse-leipzig.de\/index.php?rest_route=\/wp\/v2\/pages"}],"about":[{"href":"https:\/\/www.hexenprozesse-leipzig.de\/index.php?rest_route=\/wp\/v2\/types\/page"}],"author":[{"embeddable":true,"href":"https:\/\/www.hexenprozesse-leipzig.de\/index.php?rest_route=\/wp\/v2\/users\/1"}],"replies":[{"embeddable":true,"href":"https:\/\/www.hexenprozesse-leipzig.de\/index.php?rest_route=%2Fwp%2Fv2%2Fcomments&post=885"}],"version-history":[{"count":2,"href":"https:\/\/www.hexenprozesse-leipzig.de\/index.php?rest_route=\/wp\/v2\/pages\/885\/revisions"}],"predecessor-version":[{"id":889,"href":"https:\/\/www.hexenprozesse-leipzig.de\/index.php?rest_route=\/wp\/v2\/pages\/885\/revisions\/889"}],"wp:attachment":[{"href":"https:\/\/www.hexenprozesse-leipzig.de\/index.php?rest_route=%2Fwp%2Fv2%2Fmedia&parent=885"}],"curies":[{"name":"wp","href":"https:\/\/api.w.org\/{rel}","templated":true}]}}